{"id":699,"date":"2018-02-05T08:32:56","date_gmt":"2018-02-05T07:32:56","guid":{"rendered":"http:\/\/www.danyasegal.com\/?page_id=699"},"modified":"2018-02-05T08:32:56","modified_gmt":"2018-02-05T07:32:56","slug":"nov-2016-continuum","status":"publish","type":"page","link":"https:\/\/www.danyasegal.com\/en\/productions\/nov-2016-continuum\/","title":{"rendered":"Nov 2016: CONTINUUM"},"content":{"rendered":"<h2>CONTINUUM &#8211; Der musikalische H\u00f6hepunkt des Leibnizjahres 2016<\/h2>\n<p>&nbsp;<\/p>\n<p><img loading=\"lazy\" decoding=\"async\" class=\"size-medium wp-image-418\" src=\"http:\/\/www.danyasegal.com\/myfiles\/2017\/05\/Continuum-2-300x200.jpg\" alt=\"\" width=\"300\" height=\"200\" srcset=\"https:\/\/www.danyasegal.com\/wp-content\/uploads\/2017\/05\/Continuum-2-300x200.jpg 300w, https:\/\/www.danyasegal.com\/wp-content\/uploads\/2017\/05\/Continuum-2-768x512.jpg 768w, https:\/\/www.danyasegal.com\/wp-content\/uploads\/2017\/05\/Continuum-2-1024x683.jpg 1024w\" sizes=\"auto, (max-width: 300px) 100vw, 300px\" \/><\/p>\n<p><img loading=\"lazy\" decoding=\"async\" class=\"size-medium wp-image-421\" src=\"http:\/\/www.danyasegal.com\/myfiles\/2017\/05\/Continuum-alle-300x200.jpg\" alt=\"\" width=\"300\" height=\"200\" srcset=\"https:\/\/www.danyasegal.com\/wp-content\/uploads\/2017\/05\/Continuum-alle-300x200.jpg 300w, https:\/\/www.danyasegal.com\/wp-content\/uploads\/2017\/05\/Continuum-alle-768x512.jpg 768w, https:\/\/www.danyasegal.com\/wp-content\/uploads\/2017\/05\/Continuum-alle-1024x683.jpg 1024w\" sizes=\"auto, (max-width: 300px) 100vw, 300px\" \/><\/p>\n<div id=\"c1\">Barock-Arie trifft auf Sprechgesang<br \/>\nLeibniz in Wort &amp; Ton klassisch illustriert und ins Heute \u00fcbersetztZum 300. Todestag von Gottfried Wilhelm Leibniz, wurde bei der einmaligen musikalischen Crossover &#8211; Produktion CONTINUUM die Gedankenwelt des Universalgenies in die Gegenwart \u00fcbersetzt. Barocke Arien von Georg Friedrich H\u00e4ndel trafen dabei auf Sprechgesang und zeitgen\u00f6ssischen elektronischen Sound.Mit <strong>Herr Sorge a.k.a. Samy Deluxe<\/strong> (Rapper &amp; Poet), <strong>Valer Sabadus <\/strong>(Countertenor), <strong>Jan van der Toorn &amp; Derek von Krogh <\/strong>(Popmusikproduzenten) und <strong>Musica Alta Ripa<\/strong> (Barockensemble), allesamt mehrfache Echo\u2013Preistr\u00e4ger, kamen hochrangige Vertreter ihres jeweiligen Faches zusammen, um in der gefeierten Inszenierung diese Br\u00fccke zwischen dem Zeitgeist von 1716 und 2016 zu schlagen.<a href=\"https:\/\/youtu.be\/nYmV49khsvQ\" target=\"_blank\" rel=\"noopener noreferrer\">zum Trailer<\/a><\/div>\n","protected":false},"excerpt":{"rendered":"<p>CONTINUUM &#8211; Der musikalische H\u00f6hepunkt des Leibnizjahres 2016 &nbsp; Barock-Arie trifft auf Sprechgesang Leibniz in Wort &amp; Ton klassisch illustriert und ins Heute \u00fcbersetztZum 300. Todestag von Gottfried Wilhelm Leibniz,<span class=\"more-button\"><a href=\"https:\/\/www.danyasegal.com\/en\/productions\/nov-2016-continuum\/\" class=\"more-link\">Continue reading<span class=\"screen-reader-text\">Nov 2016: CONTINUUM<\/span><\/a><\/span><\/p>\n","protected":false},"author":5,"featured_media":0,"parent":109,"menu_order":0,"comment_status":"closed","ping_status":"closed","template":"","meta":{"footnotes":""},"class_list":["post-699","page","type-page","status-publish","hentry"],"_links":{"self":[{"href":"https:\/\/www.danyasegal.com\/en\/wp-json\/wp\/v2\/pages\/699","targetHints":{"allow":["GET"]}}],"collection":[{"href":"https:\/\/www.danyasegal.com\/en\/wp-json\/wp\/v2\/pages"}],"about":[{"href":"https:\/\/www.danyasegal.com\/en\/wp-json\/wp\/v2\/types\/page"}],"author":[{"embeddable":true,"href":"https:\/\/www.danyasegal.com\/en\/wp-json\/wp\/v2\/users\/5"}],"replies":[{"embeddable":true,"href":"https:\/\/www.danyasegal.com\/en\/wp-json\/wp\/v2\/comments?post=699"}],"version-history":[{"count":2,"href":"https:\/\/www.danyasegal.com\/en\/wp-json\/wp\/v2\/pages\/699\/revisions"}],"predecessor-version":[{"id":701,"href":"https:\/\/www.danyasegal.com\/en\/wp-json\/wp\/v2\/pages\/699\/revisions\/701"}],"up":[{"embeddable":true,"href":"https:\/\/www.danyasegal.com\/en\/wp-json\/wp\/v2\/pages\/109"}],"wp:attachment":[{"href":"https:\/\/www.danyasegal.com\/en\/wp-json\/wp\/v2\/media?parent=699"}],"curies":[{"name":"wp","href":"https:\/\/api.w.org\/{rel}","templated":true}]}}

<h2>CONTINUUM &#8211; Der musikalische Höhepunkt des Leibnizjahres 2016</h2>
<p>&nbsp;</p>
<p><img loading="lazy" decoding="async" class="size-medium wp-image-418" src="http://www.danyasegal.com/myfiles/2017/05/Continuum-2-300x200.jpg" alt="" width="300" height="200" srcset="https://www.danyasegal.com/wp-content/uploads/2017/05/Continuum-2-300x200.jpg 300w, https://www.danyasegal.com/wp-content/uploads/2017/05/Continuum-2-768x512.jpg 768w, https://www.danyasegal.com/wp-content/uploads/2017/05/Continuum-2-1024x683.jpg 1024w" sizes="auto, (max-width: 300px) 100vw, 300px" /></p>
<p><img loading="lazy" decoding="async" class="size-medium wp-image-421" src="http://www.danyasegal.com/myfiles/2017/05/Continuum-alle-300x200.jpg" alt="" width="300" height="200" srcset="https://www.danyasegal.com/wp-content/uploads/2017/05/Continuum-alle-300x200.jpg 300w, https://www.danyasegal.com/wp-content/uploads/2017/05/Continuum-alle-768x512.jpg 768w, https://www.danyasegal.com/wp-content/uploads/2017/05/Continuum-alle-1024x683.jpg 1024w" sizes="auto, (max-width: 300px) 100vw, 300px" /></p>
<div id="c1">Barock-Arie trifft auf Sprechgesang<br />
Leibniz in Wort &amp; Ton klassisch illustriert und ins Heute übersetztZum 300. Todestag von Gottfried Wilhelm Leibniz, wurde bei der einmaligen musikalischen Crossover &#8211; Produktion CONTINUUM die Gedankenwelt des Universalgenies in die Gegenwart übersetzt. Barocke Arien von Georg Friedrich Händel trafen dabei auf Sprechgesang und zeitgenössischen elektronischen Sound.Mit <strong>Herr Sorge a.k.a. Samy Deluxe</strong> (Rapper &amp; Poet), <strong>Valer Sabadus </strong>(Countertenor), <strong>Jan van der Toorn &amp; Derek von Krogh </strong>(Popmusikproduzenten) und <strong>Musica Alta Ripa</strong> (Barockensemble), allesamt mehrfache Echo–Preisträger, kamen hochrangige Vertreter ihres jeweiligen Faches zusammen, um in der gefeierten Inszenierung diese Brücke zwischen dem Zeitgeist von 1716 und 2016 zu schlagen.<a href="https://youtu.be/nYmV49khsvQ" target="_blank" rel="noopener noreferrer">zum Trailer</a></div>

<p>CONTINUUM &#8211; Der musikalische Höhepunkt des Leibnizjahres 2016 &nbsp; Barock-Arie trifft auf Sprechgesang Leibniz in Wort &amp; Ton klassisch illustriert und ins Heute übersetztZum 300. Todestag von Gottfried Wilhelm Leibniz,<span class="more-button"><a href="https://www.danyasegal.com/en/productions/nov-2016-continuum/" class="more-link">Continue reading<span class="screen-reader-text">Nov 2016: CONTINUUM</span></a></span></p>
